rmine j(5).
-7
Let f(i) = -12*i + 184. Give f(16).
-8
Let a(x) = -x**3 - 6*x**2. What is a(-6)?
0
Let b(h) = 2*h**2 - 19*h + 39. Give b(7).
4
Let d(u) = u - 11. What is d(10)?
-1
Let c(o) = o**3 + 13*o**2 - 38*o - 8. Give c(-15).
112
Let w(d) = 7*d - 9. Determine w(0).
-9
Let y(p) = p**2 + 27*p - 76. Give y(-29).
-18
Let z(c) = -7*c + 189. Determine z(30).
-21
Let l(d) = 10*d + 237. Give l(-22).
17
Let n(h) = h**3 + 4*h**2 + h. Determine n(-2).
6
Let z(o) = 8*o - 16. Calculate z(2).
0
Let l(f) = -2*f**2 - 59*f + 31. What is l(-30)?
1
Let c(g) = -2*g**2 - 56*g - 366. What is c(-17)?
8
Let d(m) = -m**2 - 11*m - 7. Give d(-5).
23
Let m(d) = -5*d**3 + 2*d**2 + d - 1. What is m(1)?
-3
Let s(r) = r**3 - 6*r**2 - 8*r + 10. Determine s(7).
3
Let g(t) = -3*t**3 - 22*t**2 - 7*t + 9. What is g(-7)?
9
Let d(g) = -g**2 - 15*g - 38. What is d(-4)?
6
Let h(r) = -r**3 + 8*r**2 + r - 16. What is h(7)?
40
Let q(u) = -20*u**3 - 2*u**2 - u + 4. Determine q(2).
-166
Let u(m) = 2*m + 19. Determine u(0).
19
Let d(n) = 2*n + 15. What is d(-7)?
1
Let i(z) = 23*z**2 + 3*z + 3. Calculate i(-1).
23
Let b(p) = 3*p + 104. Give b(-34).
2
Let p(h) = h**2 + 2*h - 80. Give p(10).
40
Let j(h) = -h**3 + 4*h**2 + 3*h - 1. What is j(4)?
11
Let r(v) = v**3 + 2*v**2 - 9*v - 10. Give r(3).
8
Let q(g) = -g**2 - 15*g + 19. What is q(-17)?
-15
Let h(x) = x**3 + x**2 - 18*x - 7. What is h(-5)?
-17
Let o(u) = u**2 + 37*u - 123. Calculate o(-40).
-3
Let i(s) = -s**3 + 18*s**2 + 42*s - 34. Determine i(20).
6
Let w(m) = -m**3 + 6*m**2 - 3*m + 14. What is w(6)?
-4
Let m(n) = -3*n - 10. Calculate m(-4).
2
Let a(t) = -4*t - 5. Determine a(-2).
3
Let p(d) = -d**3 - 13*d**2 + 14*d + 32. What is p(-14)?
32
Let r(i) = -5*i**3 + 2*i**2 + i - 3. What is r(2)?
-33
Let a(i) = -7*i**3 + 3*i**2 - 5*i + 3. What is a(1)?
-6
Let y(j) = -14*j - 25. Determine y(-1).
-11
Let m(s) = 25*s**2 - s. Give m(1).
24
Let q(s) = -s**3 + 8*s**2 + 11*s - 2. What is q(9)?
16
Let l(h) = 18*h + 71. Calculate l(-4).
-1
Let b(k) = k**2 + 13*k + 5. Give b(-9).
-31
Let q(j) = 4*j + 34. What is q(-10)?
-6
Let q(b) = 2*b + 8. Give q(-5).
-2
Let m(c) = -c**3 + 10*c**2 - 23*c + 7. Give m(7).
-7
Let c(i) = -4*i**2 + 35*i + 1. Determine c(8).
25
Let k(a) = a**2 + 9*a - 75. What is k(5)?
-5
Let y(r) = -r**2 + 20*r + 9. What is y(21)?
-12
Let s(v) = -v**3 + 3*v**2 + 37*v + 18. What is s(8)?
-6
Let d(t) = t**3 + 16*t**2 - 38*t - 38. Determine d(-18).
-2
Let k(p) = p**2 + 16*p - 17. What is k(-17)?
0
Let k(a) = 14*a - 62. Determine k(5).
8
Let f(b) = -2*b**2 + 6*b - 4. What is f(4)?
-12
Let o(t) = t**3 + 11*t**2 + 10*t - 9. Determine o(-10).
-9
Let c(m) = -m**2 + 54*m + 1. What is c(54)?
1
Let q(u) = u**2 - 22*u - 7. Calculate q(23).
16
Let l(f) = -39*f**2 + 4*f + 3. Calculate l(1).
-32
Let x(d) = d**3 + 3*d**2 - 12*d - 4. Determine x(-5).
6
Let p(l) = -2*l + 2. What is p(-3)?
8
Let j(p) = -2*p**3 + 5*p + 1. Calculate j(-2).
7
Let v(r) = r**2 + 13*r + 30. Calculate v(-4).
-6
Let l(i) = -7*i - 4. What is l(-9)?
59
Let x(g) = 5*g + 25. Calculate x(-6).
-5
Let o(x) = -19*x + 23. Give o(2).
-15
Let l(w) = -3*w**2 - 6*w - 7. Give l(-2).
-7
Let t(x) = -4*x**2 + 24*x + 5. What is t(6)?
5
Let r(v) = v**3 + 6*v**2 - 16*v + 9. Determine r(-8).
9
Let v(a) = a**3 - 5*a**2 - 12*a + 4. Calculate v(6).
-32
Let u(q) = q**2 + 29*q + 182. Calculate u(-17).
-22
Let c(h) = -2*h**2 - 6*h + 18. Calculate c(-6).
-18
Let z(g) = -g**2 + 20*g - 50. Determine z(20).
-50
Let q(y) = -5*y**2 + 120*y - 2. Give q(24).
-2
Let z(h) = -23*h - 7. Determine z(2).
-53
Let v(o) = -2*o + 10. Determine v(-8).
26
Let g(y) = y**3 - 8*y**2 + 4*y - 12. Calculate g(7).
-33
Let r(a) = 21*a + 136. What is r(-6)?
10
Let u(x) = 2*x**3 + 2*x**2 - 5*x - 10. Calculate u(-2).
-8
Let z(c) = 9*c - 27. What is z(-17)?
-180
Let d(w) = 6*w. Calculate d(1).
6
Let b(m) = 104*m + 195. Give b(-2).
-13
Let w(k) = 7*k - 81. Give w(14).
17
Let d(y) = y**3 + 4*y**2 - 8*y - 4. Calculate d(-6).
-28
Let o(u) = u**2 + 2*u. What is o(2)?
8
Let g(d) = d**3 + 3*d**2 - 4*d + 10. Calculate g(4).
106
Let h(v) = -v**3 - 13*v**2 - 12*v + 9. Calculate h(-12).
9
Let s(v) = -25*v - 2. Determine s(-4).
98
Let w(l) = 2*l**2 + 4*l - 1. Determine w(6).
95
Let w(x) = -x**3 - x**2 + 5*x - 5. Give w(2).
-7
Let s(y) = y**3 - 17*y**2 + 15*y + 14. Give s(16).
-2
Let f(a) = -a**3 - 7*a**2 - 2*a + 29. What is f(-6)?
5
Let r(h) = -5*h**2 - 7*h - 1. What is r(-2)?
-7
Let o(b) = -3*b + 2. What is o(-3)?
11
Let k(o) = -o**3 + 11*o**2 + o + 3. Calculate k(11).
14
Let r(n) = -n**3 + 50*n**2 - 46*n - 150. What is r(49)?
-3
Let y(f) = -5*f**2 + f - 2. Calculate y(-2).
-24
Let v(k) = -2*k**2 + 2*k + 2. Calculate v(3).
-10
Let g(v) = -2*v - 5. Determine g(-4).
3
Let v(w) = w**2 - 3*w - 4. What is v(-6)?
50
Let o(v) = 3*v**3 - 4*v**2 + 3*v. What is o(-2)?
-46
Let z(l) = l**2 - 6*l - 16. Calculate z(8).
0
Let b(h) = h**2 - 9*h - 20. Calculate b(12).
16
Let c(l) = -l**3 - 7*l**2 + 19*l + 22. What is c(-9)?
13
Let t(h) = 16*h - 109. Give t(7).
3
Let b(v) = v**3 - 11*v**2 + 15*v + 11. Calculate b(9).
-16
Let q(x) = -x**2 - 3*x + 16. Give q(-6).
-2
Let h(d) = -d**2 - 13*d + 108. Determine h(6).
-6
Let w(r) = -r**2 - 9*r - 7. What is w(-8)?
1
Let o(s) = 5*s - 25. Give o(5).
0
Let u(p) = -p**3 + 14*p**2 + 27*p + 38. What is u(16)?
-42
Let k(u) = -6*u - 36. Calculate k(-9).
18
Let y(j) = j**3 + 16*j**2 + j + 13. What is y(-16)?
-3
Let n(k) = -12*k - 67. Give n(-20).
173
Let o(y) = y**3 + 5*y**2 + 5*y - 1. Give o(-4).
-5
Let t(n) = -4*n + 61. Calculate t(14).
5
Let q(x) = x**2 + 4*x - 8. What is q(-5)?
-3
Let s(k) = k**2 - 3*k + 2. Give s(3).
2
Let h(t) = -5*t**2 - 83*t - 43. What is h(-16)?
5
Let o(m) = -m**2 - 19*m + 11. Give o(-20).
-9
Let h(i) = -i + 5. What is h(3)?
2
Let y(d) = d**3 + 14*d**2 + 6*d - 6. Determine y(-14).
-90
Let y(u) = u + 19. Determine y(-17).
2
Let x(b) = b**3 + 10*b**2 + 17*b + 14. What is x(-8)?
6
Let m(p) = -p**3 + 11*p**2 - 3*p - 1. Determine m(11).
-34
Let s(n) = -2*n + 22. Give s(19).
-16
Let n(b) = -12*b + 5. Give n(2).
-19
Let o(b) = b**3 - 21*b**2 + 20*b - 13. Calculate o(20).
-13
Let j(m) = 6*m - 6. Determine j(-10).
-66
Let x(f) = 48*f + 46. What is x(-1)?
-2
Let y(k) = 9*k + 67. What is y(-6)?
13
Let t(j) = j**3 - 28*j**2 - 27*j - 64. What is t(29)?
-6
Let w(k) = k**3 - 2*k**2 - k - 24. Determine w(0).
-24
Let i(l) = l**2 - 7*l + 9. Calculate i(4).
-3
Let c(f) = -12*f + 22. Give c(3).
-14
Let b(z) = -8*z - 2. What is b(2)?
-18
Let b(o) = o**2 + 5*o - 5. Calculate b(1).
1
Let m(c) = -6*c - 5. What is m(-3)?
13
Let w(l) = l**3 - 6*l**2 - 4*l. Give w(6).
-24
Let r(c) = 3*c + 5. Give r(-4).
-7
Let c(z) = 2*z**2 - 19*z + 31. Determine c(7).
-4
Let v(l) = l**2 + 11*l - 12. Calculate v(-13).
14
Let l(q) = -q**2 + 8*q + 15. Give l(10).
-5
Let j(z) = -z**3 + 49*z**2 + 215*z - 153. What is j(53)?
6
Let c(t) = t + 6. What is c(12)?
18
Let f(l) = 2*l**3 + 4*l**2 + 2*l - 3. Give f(-3).
-27
Let c(u) = 2*u - 4. Give c(-6).
-16
Let t(r) = 42*r - 20. Determine t(4).
148
Let z(c) = 34*c + 469. What is z(-14)?
-7
Let y(h) = 4*h**2 - 3*h + 7. Determine y(3).
34
Let x(q) = q**2 - 11*q + 22. What is x(9)?
4
Let t(n) = n - 23. What is t(16)?
-7
Let h(b) = b**3 - 15*b**2 + 15. Calculate h(15).
15
Let m(r) = -r**2 + 7*r - 9. Determine m(8).
-17
Let k(d) = -d**2 + 5*d - 4. Determine k(6).
-10
Let c(y) = -45*y - 581. Determine c(-13).
4
Let t(x) = -4*x + 38. What is t(6)?
14
Let j(u) = u**3 - 4*u**2 - 12*u + 6. What is j(6)?
6
Let q(t) = -t**2 - 4*t + 14. Determine q(3).
-7
Let u(d) = d**2 - 7*d + 7. Give u(6).
1
Let b(j) = j**3 + 33*j**2 + 62*j + 26. Give b(-31).
26
Let m(y) = 5*y - 7. Determine m(2).
3
Let t(c) = -2*c**3 - 136*c**2 + 2*c + 138. Give t(-68).
2
Let w(c) = 3*c - 54. Determine w(16).
-6
Let c(a) = -4*a + 77. What is c(19)?
1
Let k(d) = -3*d + 13. What is k(0)?
13
Let i(l) = -6*l + 112. What is i(20)?
-8
Let w(q) = -6*q**3 + 2*q**2 + q - 1. Calculate w(2).
-39
Let q(v) = 5*v. Give q(3).
15
Let q(s) = -23*s + 269. What is q(12)?
-7
Let a(y) = -y**3 + 6*y**2 - 15*y + 9. Calculate a(4).
-19
Let p(b) = -4*b + 49. What is p(9)?
13
Let g(p) = p**3 + 17*p**2 + 12*p - 56. What is g(-16)?
8
Let n(v) = v - 4. What is n(6)?
2
Let r(j) = -4*j**2 - 10*j - 25. Determine r(6).
-229
Let b(h) = -h**3 - 8*h**2 - 15*h - 6. Calculate b(-5).
